hat is 320002023 + 13333?
320022022
In base 14, what is -21 - 7254?
-7275
In base 7, what is 5213240 - -13?
5213253
In base 8, what is 436527 - 24?
436503
In base 16, what is 129 - 62743?
-6261a
In base 2, what is -1000 - -1011011001111010111111111?
1011011001111010111110111
In base 13, what is 3 + a26919?
a2691c
In base 2, what is -11010011110 + -1111101000111?
-10010111100101
In base 3, what is -10002221021202 + 12?
-10002221021120
In base 2, what is 11011001001001 - 100111111000100?
-1100101111011
In base 5, what is -2323332 - 213234?
-3042121
In base 12, what is -66b + -7568?
-8017
In base 10, what is 3 + 11883885?
11883888
In base 11, what is 3711a - 13?
37107
In base 12, what is a227241 + -5?
a227238
In base 14, what is 11ad4c7 + 4?
11ad4cb
In base 10, what is 78844 - 3892?
74952
In base 7, what is 2054 + -115556?
-113502
In base 15, what is 10332 + 86?
103b8
In base 15, what is -4 + 370545?
370541
In base 5, what is -403321 + 11331?
-341440
In base 4, what is 233103 + -3222?
223221
In base 16, what is 21b8 - 179a?
a1e
In base 13, what is 75 - 2b942?
-2b89a
In base 12, what is -498 - -4665?
4189
In base 12, what is 8b49 + -aaa3?
-1b56
In base 5, what is -4 - -110212231400?
110212231341
In base 7, what is -10 - 16046654?
-16046664
In base 8, what is 445140524 - 11?
445140513
In base 14, what is 825b - -5ad1?
dd4c
In base 8, what is 40653354 + 20?
40653374
In base 9, what is -35227 - 25?
-35253
In base 15, what is -49c - 1988?
-1e35
In base 7, what is 2 + -66525065?
-66525063
In base 5, what is 33431232131 - 10?
33431232121
In base 9, what is 1745540 - -572?
1746222
In base 6, what is 42245 + -122253?
-40004
In base 6, what is -1140 + 10432414?
10431234
In base 11, what is -5 - -1119683?
1119679
In base 15, what is -6820c2 + -c?
-6820ce
In base 10, what is 3204 + 2638?
5842
In base 3, what is 2001101022202102 - 11?
2001101022202021
In base 8, what is 372153 + -2332?
367621
In base 6, what is -4421150352 + 1?
-4421150351
In base 2, what is 1011100010 + -111101011?
11110111
In base 7, what is -1153222 - -1?
-1153221
In base 4, what is -202211 - -123233313?
123031102
In base 2, what is -10000 - 100110111001001000100?
-100110111001001010100
In base 14, what is 3b + -361d2?
-36195
In base 3, what is 10101 + 2220110100122?
2220110111000
In base 16, what is 1 - -20972d?
20972e
In base 13, what is -20 + 1b84?
1b64
In base 9, what is -1054474072 + -5?
-1054474077
In base 16, what is 56bbaa + 2?
56bbac
In base 10, what is -4 + 6659580?
6659576
In base 15, what is 5 - -40838c2?
40838c7
In base 9, what is -552233 + 58?
-552164
In base 12, what is b - 400538?
-400529
In base 13, what is -1 - -a3492?
a3491
In base 10, what is -97498 - -91?
-97407
In base 6, what is -1 - 13203420224?
-13203420225
In base 8, what is 1620106 - -61?
1620167
In base 7, what is -606313106 + 14?
-606313062
In base 16, what is -dd0817 + 0?
-dd0817
In base 5, what is -1314343144 + 10?
-1314343134
In base 12, what is -423a - 201?
-443b
In base 7, what is -5332 + 14213?
5551
In base 10, what is -5 - -85796843?
85796838
In base 12, what is 9a + -16188a2?
-1618804
In base 14, what is -4 - 1a537d?
-1a5383
In base 13, what is -5 + -24a10b2a?
-24a10b32
In base 3, what is 2 - 121020000201?
-121020000122
In base 3, what is -1221201 - 1020000112?
-1021222020
In base 6, what is 14351003033 - -1?
14351003034
In base 2, what is 1001 - 10101000000111101100110000?
-10101000000111101100100111
In base 5, what is 121403442 - -100?
121404042
In base 12, what is 852 - -411?
1063
In base 16, what is b3 + fbfb2?
fc065
In base 5, what is 40334 + 2131441?
2222330
In base 2, what is -11010000010110010110 - 10?
-11010000010110011000
In base 13, what is 1cb81 + -502?
1c67c
In base 5, what is 40 + 123340400224?
123340400314
In base 4, what is 12233031131 - -2101?
12233033232
In base 2, what is 1001 - 11001000010111011001000010?
-11001000010111011000111001
In base 3, what is -1020001212 + 10201110?
-1002100102
In base 3, what is 110 - -2120111200000?
2120111200110
In base 12, what is 3405643 - 6?
3405639
In base 12, what is 18027 + -7b4?
17433
In base 9, what is -8240 - -1805?
-6334
In base 3, what is 102 + -101221221021212?
-101221221021110
In base 11, what is 3 - -14208a?
142092
In base 16, what is -188f - a2b?
-22ba
In base 5, what is -243440 + 110301?
-133134
In base 8, what is 110310230 + 1?
110310231
In base 11, what is -4737 - 20538?
-25174
In base 14, what is -14 - -4d081a?
4d0806
In base 14, what is -25 - -1b9c15?
1b9bd0
In base 8, what is -1465461 - -445?
-1465014
In base 2, what is 11000111001011001001001011001 - 0?
11000111001011001001001011001
In base 7, what is -1 - -656116246?
656116245
In base 15, what is 1e - -1c003b?
1c005a
In base 4, what is -2 + 10212330013010?
10212330013002
In base 16, what is 55b521 + -4?
55b51d
In base 8, what is 202 + 420736?
421140
In base 12, what is -108 - -448804?
4486b8
In base 14, what is -39d + -6a16?
-6db5
In base 16, what is 63a + 86d?
ea7
In base 9, what is 728 + 50103?
50832
In base 4, what is 11 - 3203032233113?
-3203032233102
In base 4, what is 1220303223030 - 3?
1220303223021
In base 11, what is 96890 + 101?
96991
In base 3, what is 12 - 22102210021021?
-22102210021002
In base 6, what is -13104 - -20350?
3242
In base 14, what is 103b - -4849?
5886
In base 5, what is 1324013341 + -142?
1324013144
In base 8, what is -1 + 75452034?
75452033
In base 14, what is -c454 + c7?
-c36b
In base 5, what is -10 - 2121222440?
-2121223000
In base 12, what is -72 + -16646?
-166b8
In base 10, what is 1989 - -59893?
61882
In base 3, what is -10020 - 2020212120020?
-2020212200110
In base 15, what is -3724d - c?
-3725a
In base 3, what is 12112010202 - -1110222?
12120121201
In base 9, what is -67 + 1761008?
1760831
In base 13, what is 5a9c80 - 1?
5a9c7c
In base 12, what is 46b + 8452?
8901
In base 9, what is 176046732 - 2?
176046730
In base 16, what is -ac - 1b1b20?
-1b1bcc
In base 4, what is 101 + -1002333201?
-1002333100
In base 11, what is 359 - -29025?
29383
In base 4, what is 21 - -10000301001?
10000301022
In base 12, what is 155a2b19 - -5?
155a2b22
In base 5, what is -41223324140 + -10?
-41223324200
In base 6, what is -3 - -3251205041?
3251205034
In base 11, what is 9 + -429675?
-429667
In base 6, what is -22503 + -1345?
-24252
In base 12, what is 14276929 + -1?
14276928
In base 11, what is 433 + -3903?
-3480
In base 4, what is -2 + -10111120010?
-10111120012
In base 10, what is -4 + 1070466?
1070462
In base 8, what is 0 + 24060347?
24060347
In base 14, what is 1c - 21d94d5?
-21d94b7
In base 13, what is 44b08 + 231?
45039
In base 3, what is -1 - -12111010121202?
12111010121201
In base 11, what is 17a27a + -696?
179694
In base 10, what is 0 + 2789413?
2789413
In base 14, what is 231 - 15b0?
-137d
In base 8, what is 636524 - 47?
636455
In base 5, what is 12222302 + 114?
12222421
In base 7, what is -303360203 + -2?
-303360205
In base 5, what is 1402420141 - -234?
1402420430
In base 9, what is -6162385 + -16?
-6162412
In base 11, what is 63 - 394879?
-394816
In base 7, what is 63 + -16431546?
-16431453
In base 8, what is -62046 + 66?
-61760
In base 9, what is -34345 - 250?
-34605
In base 6, what is 3 + -523552544?
-523552541
In base 8, what is 124 + 66133473?
66133617
In base 7, what is -1254 + 106?
-1145
In base 11, what is 425627 + -32?
4255a5
In base 6, what is 2 - 140340444?
-140340442
In base 15, what is -3bb - 1b72?
-203d
In base 7, what is 1402661 + 1203?
1404164
In base 10, what is -1278853 - -16?
-1278837
In base 6, what is -535533 - -2153?
-533340
In base 6, what is -5132 + -20324450?
-20334022
In base 11, what is 2 - 159a8887?
-159a8885
In base 2, what is -11010100010110110011011101 + 101?
-11010100010110110011011000
In base 10, what is 735636005 + 5?
735636010
In base 16, what is 135e - 12295?
-10f37
In base 9, what is -43333 - -865?
-42357
In base 10, what is -5 + -67020515?
-67020520
In base 2, what is 1 + 110010001011100100000111?
110010001011100100001000
In base 4, what is -12 - -1031232331?
1031232313
In base 4, what is -2322310211213 - -32?
-2322310211121
In base 4, what is -121020033210 - 3?
-121020033213
In base 14, what is 3823b77 + 3?
3823b7a
In base 8, what is 124723 + 224?
125147
In base 13, what is 66 - 519a25?
-51998c
In base 16, what is 5 -